{"id":81,"date":"2024-04-22T17:49:29","date_gmt":"2024-04-22T15:49:29","guid":{"rendered":"http:\/\/wp.dr-kathrin-wagner.de\/?page_id=81"},"modified":"2024-04-23T18:57:03","modified_gmt":"2024-04-23T16:57:03","slug":"sprechzeiten","status":"publish","type":"page","link":"https:\/\/www.dr-kathrin-wagner.de\/?page_id=81","title":{"rendered":"Sprechzeiten"},"content":{"rendered":"<div  data-label=\"Overlappable\" data-id=\"overlappable--1\" data-export-id=\"overlappable-2\" data-category=\"overlappable\" class=\"overlappable-2 content-section content-section-spacing\" data-overlap=\"true\" id=\"overlappable-1\" style=\"background-color: rgb(255, 255, 255);\"><div  class=\"gridContainer\"> <div  class=\"row middle-sm shadow-medium bg-color-white\"><div  class=\"col-xs-12 col-sm-4 top-sm col-padding col-padding-xs\" data-type=\"column\"> <h3  class=\"font-300\">Unsere <b >Sprechzeiten&nbsp;<span  id=\"_mce_caret\" data-mce-bogus=\"1\" data-mce-type=\"format-caret\"><span  style=\"font-weight: 300;\">\ufefff\u00fcr gyn\u00e4kologische Anliegen<\/span><\/span><\/b><\/h3> <p  class=\"\">Die Sprechzeiten richten sich an Kassen- und Privatversicherte.<\/p> <\/div> <div  class=\"col-xs-12 col-sm-8\"><div  data-type=\"row\" class=\"row\"> <div  class=\"col-xs-12 col-sm-6 col-padding col-padding-small-xs\"> <h5  class=\"\">Sprechzeiten<\/h5> <p  class=\"\">Mo. &nbsp;7.30 \u2013 11.30 Uhr<br >\nDi.  16.00 \u2013 19.00 Uhr<br >\nMi.  7.30 \u2013 11.30 Uhr<br >\nDo. 14.00 \u2013 17.00 Uhr<br >\nFr.   7.30 \u2013 11.30 Uhr<\/p><\/div> <div  class=\"col-xs-12 col-sm-6 col-padding col-padding-small-xs\"> <h5  class=\"\">Spezialsprechstunde<\/h5> <p  class=\"\">f\u00fcr privat\u00e4rztliche und ganzheitliche Behandlungen&nbsp;<span  style=\"font-weight: 600;\">nur nach Terminvereinbarung<\/span>!\n<br ><br >Mo. 14.00 \u2013 18.00 Uhr\n<br >Do. &nbsp;7.30 \u2013 12.00 Uhr\n<\/p><\/div> <div  class=\"col-xs-12 col-sm-6 col-padding col-padding-small-xs\"> <h5  class=\"\">Bitte mitbringen<\/h5> <p  class=\"\">\u2013 ihre Chipkarte\n<br >\u2013 ein kleines Handtuch\/Rock zur Untersuchung\n<br >\u2013 Regelkalender, Mutterpass, Impfpass\n<br >\u2013 unbekannte \u00e4rztl. Befunde<\/p><\/div> <div  class=\"col-xs-12 col-sm-6 col-padding col-padding-small-xs\">  <h5  class=\"\">Spezialsprechstunde<\/h5> <p  class=\"\">In separaten Spezialsprechstunden f\u00fcr ganzheitliche Therapien werden auch M\u00e4nner und Kinder behandelt.<\/p><\/div> <\/div><\/div> <\/div><\/div> <\/div><div  data-label=\"Cta\" data-id=\"cta--1\" data-export-id=\"cta-centered-section-grid\" data-category=\"cta\" class=\"cta-centered-section-grid content-section content-section-spacing-medium bg-color1 white-text\" id=\"cta-1\"><div  class=\"gridContainer\"> <div  class=\"row text-center\"><div  class=\"col-xs-12 col-sm-10 col-sm-offset-1 col-md-8 col-md-offset-2\" data-type=\"column\"> <h2  class=\"\">Lange Wartezeiten vermeiden<\/h2> <p  class=\"\">Zur Vermeidung langer Wartezeiten haben wir ein Bestellsystem eingef\u00fchrt. Mit Akutproblemen k\u00f6nnen Sie sich selbstverst\u00e4ndlich zu jeder Sprechstundenzeit an uns wenden. Sinnvoll ist eine vorherige telefonische Terminabsprache bzw. wenn m\u00f6glich eine Vorstellung zum Ende einer Sprechstunde, um die Wartezeit f\u00fcr andere Patienten nicht unn\u00f6tig zu verl\u00e4ngern.<\/p> <p  class=\"\">Bitte haben Sie daf\u00fcr Verst\u00e4ndnis, dass sog. ganzheitliche Therapien bei uns in der Praxis vorwiegend nur in den Spezialsprechstunden erbracht werden k\u00f6nnen, da diese individuell f\u00fcr den Patienten erstellt werden und somit auch entsprechend zeitaufwendig sind.<\/p><\/div> <\/div><\/div> <\/div>","protected":false},"excerpt":{"rendered":"<p>Unsere Sprechzeiten&nbsp;\ufefff\u00fcr gyn\u00e4kologische Anliegen Die Sprechzeiten richten sich an Kassen- und Privatversicherte. Sprechzeiten Mo. &nbsp;7.30 \u2013 11.30 Uhr Di. 16.00 \u2013 19.00 Uhr Mi. 7.30 \u2013 11.30 Uhr Do. 14.00 \u2013 17.00 Uhr Fr. 7.30 \u2013 11.30 Uhr Spezialsprechstunde f\u00fcr privat\u00e4rztliche und ganzheitliche Behandlungen&nbsp;nur nach Terminvereinbarung! Mo. 14.00 \u2013 18.00 Uhr Do. &nbsp;7.30 \u2013 12.00&hellip; <br \/> <a class=\"read-more\" href=\"https:\/\/www.dr-kathrin-wagner.de\/?page_id=81\">Read more<\/a><\/p>\n","protected":false},"author":1,"featured_media":0,"parent":0,"menu_order":0,"comment_status":"closed","ping_status":"closed","template":"pro\/page-templates\/full-width-page.php","meta":{"footnotes":""},"class_list":["post-81","page","type-page","status-publish","hentry"],"_links":{"self":[{"href":"https:\/\/www.dr-kathrin-wagner.de\/index.php?rest_route=\/wp\/v2\/pages\/81","targetHints":{"allow":["GET"]}}],"collection":[{"href":"https:\/\/www.dr-kathrin-wagner.de\/index.php?rest_route=\/wp\/v2\/pages"}],"about":[{"href":"https:\/\/www.dr-kathrin-wagner.de\/index.php?rest_route=\/wp\/v2\/types\/page"}],"author":[{"embeddable":true,"href":"https:\/\/www.dr-kathrin-wagner.de\/index.php?rest_route=\/wp\/v2\/users\/1"}],"replies":[{"embeddable":true,"href":"https:\/\/www.dr-kathrin-wagner.de\/index.php?rest_route=%2Fwp%2Fv2%2Fcomments&post=81"}],"version-history":[{"count":4,"href":"https:\/\/www.dr-kathrin-wagner.de\/index.php?rest_route=\/wp\/v2\/pages\/81\/revisions"}],"predecessor-version":[{"id":106,"href":"https:\/\/www.dr-kathrin-wagner.de\/index.php?rest_route=\/wp\/v2\/pages\/81\/revisions\/106"}],"wp:attachment":[{"href":"https:\/\/www.dr-kathrin-wagner.de\/index.php?rest_route=%2Fwp%2Fv2%2Fmedia&parent=81"}],"curies":[{"name":"wp","href":"https:\/\/api.w.org\/{rel}","templated":true}]}}

<div  data-label="Overlappable" data-id="overlappable--1" data-export-id="overlappable-2" data-category="overlappable" class="overlappable-2 content-section content-section-spacing" data-overlap="true" id="overlappable-1" style="background-color: rgb(255, 255, 255);"><div  class="gridContainer"> <div  class="row middle-sm shadow-medium bg-color-white"><div  class="col-xs-12 col-sm-4 top-sm col-padding col-padding-xs" data-type="column"> <h3  class="font-300">Unsere <b >Sprechzeiten&nbsp;<span  id="_mce_caret" data-mce-bogus="1" data-mce-type="format-caret"><span  style="font-weight: 300;">﻿für gynäkologische Anliegen</span></span></b></h3> <p  class="">Die Sprechzeiten richten sich an Kassen- und Privatversicherte.</p> </div> <div  class="col-xs-12 col-sm-8"><div  data-type="row" class="row"> <div  class="col-xs-12 col-sm-6 col-padding col-padding-small-xs"> <h5  class="">Sprechzeiten</h5> <p  class="">Mo. &nbsp;7.30 – 11.30 Uhr<br >
Di.  16.00 – 19.00 Uhr<br >
Mi.  7.30 – 11.30 Uhr<br >
Do. 14.00 – 17.00 Uhr<br >
Fr.   7.30 – 11.30 Uhr</p></div> <div  class="col-xs-12 col-sm-6 col-padding col-padding-small-xs"> <h5  class="">Spezialsprechstunde</h5> <p  class="">für privatärztliche und ganzheitliche Behandlungen&nbsp;<span  style="font-weight: 600;">nur nach Terminvereinbarung</span>!
<br ><br >Mo. 14.00 – 18.00 Uhr
<br >Do. &nbsp;7.30 – 12.00 Uhr
</p></div> <div  class="col-xs-12 col-sm-6 col-padding col-padding-small-xs"> <h5  class="">Bitte mitbringen</h5> <p  class="">– ihre Chipkarte
<br >– ein kleines Handtuch/Rock zur Untersuchung
<br >– Regelkalender, Mutterpass, Impfpass
<br >– unbekannte ärztl. Befunde</p></div> <div  class="col-xs-12 col-sm-6 col-padding col-padding-small-xs">  <h5  class="">Spezialsprechstunde</h5> <p  class="">In separaten Spezialsprechstunden für ganzheitliche Therapien werden auch Männer und Kinder behandelt.</p></div> </div></div> </div></div> </div><div  data-label="Cta" data-id="cta--1" data-export-id="cta-centered-section-grid" data-category="cta" class="cta-centered-section-grid content-section content-section-spacing-medium bg-color1 white-text" id="cta-1"><div  class="gridContainer"> <div  class="row text-center"><div  class="col-xs-12 col-sm-10 col-sm-offset-1 col-md-8 col-md-offset-2" data-type="column"> <h2  class="">Lange Wartezeiten vermeiden</h2> <p  class="">Zur Vermeidung langer Wartezeiten haben wir ein Bestellsystem eingeführt. Mit Akutproblemen können Sie sich selbstverständlich zu jeder Sprechstundenzeit an uns wenden. Sinnvoll ist eine vorherige telefonische Terminabsprache bzw. wenn möglich eine Vorstellung zum Ende einer Sprechstunde, um die Wartezeit für andere Patienten nicht unnötig zu verlängern.</p> <p  class="">Bitte haben Sie dafür Verständnis, dass sog. ganzheitliche Therapien bei uns in der Praxis vorwiegend nur in den Spezialsprechstunden erbracht werden können, da diese individuell für den Patienten erstellt werden und somit auch entsprechend zeitaufwendig sind.</p></div> </div></div> </div>

<p>Unsere Sprechzeiten&nbsp;﻿für gynäkologische Anliegen Die Sprechzeiten richten sich an Kassen- und Privatversicherte. Sprechzeiten Mo. &nbsp;7.30 – 11.30 Uhr Di. 16.00 – 19.00 Uhr Mi. 7.30 – 11.30 Uhr Do. 14.00 – 17.00 Uhr Fr. 7.30 – 11.30 Uhr Spezialsprechstunde für privatärztliche und ganzheitliche Behandlungen&nbsp;nur nach Terminvereinbarung! Mo. 14.00 – 18.00 Uhr Do. &nbsp;7.30 – 12.00&hellip; <br /> <a class="read-more" href="https://www.dr-kathrin-wagner.de/?page_id=81">Read more</a></p>
